Last updated on 2024-08-16 00:48:26 CEST.
Flavor | Version | Tinstall | Tcheck | Ttotal | Status | Flags |
---|---|---|---|---|---|---|
r-devel-linux-x86_64-debian-clang | 0.9.0 | 17.86 | 23.99 | 41.85 | OK | |
r-devel-linux-x86_64-debian-gcc | 0.9.0 | 12.65 | 18.84 | 31.49 | OK | |
r-devel-linux-x86_64-fedora-clang | 0.9.0 | 72.36 | OK | |||
r-devel-linux-x86_64-fedora-gcc | 0.9.0 | 74.37 | OK | |||
r-devel-windows-x86_64 | 0.9.0 | 22.00 | 66.00 | 88.00 | NOTE | |
r-patched-linux-x86_64 | 0.9.0 | 18.88 | 23.15 | 42.03 | OK | |
r-release-linux-x86_64 | 0.9.0 | 17.27 | 23.21 | 40.48 | OK | |
r-release-macos-arm64 | 0.9.0 | 25.00 | OK | |||
r-release-macos-x86_64 | 0.9.0 | 37.00 | OK | |||
r-release-windows-x86_64 | 0.9.0 | 21.00 | 68.00 | 89.00 | NOTE | |
r-oldrel-macos-arm64 | 0.9.0 | 28.00 | OK | |||
r-oldrel-macos-x86_64 | 0.9.0 | 42.00 | OK | |||
r-oldrel-windows-x86_64 | 0.9.0 | 26.00 | 74.00 | 100.00 | NOTE |
Version: 0.9.0
Check: C++ specification
Result: NOTE
Specified C++14: please drop specification unless essential
Flavors: r-devel-windows-x86_64, r-release-windows-x86_64, r-oldrel-windows-x86_64