Last updated on 2024-08-16 00:48:26 CEST.
Flavor | Version | Tinstall | Tcheck | Ttotal | Status | Flags |
---|---|---|---|---|---|---|
r-devel-linux-x86_64-debian-clang | 3.0 | 10.10 | 85.25 | 95.35 | NOTE | |
r-devel-linux-x86_64-debian-gcc | 3.0 | 8.09 | 62.10 | 70.19 | NOTE | |
r-devel-linux-x86_64-fedora-clang | 3.0 | 155.43 | NOTE | |||
r-devel-linux-x86_64-fedora-gcc | 3.0 | 143.23 | NOTE | |||
r-devel-windows-x86_64 | 3.0 | 12.00 | 92.00 | 104.00 | NOTE | |
r-patched-linux-x86_64 | 3.0 | 11.65 | 81.13 | 92.78 | NOTE | |
r-release-linux-x86_64 | 3.0 | 10.71 | 82.53 | 93.24 | NOTE | |
r-release-macos-arm64 | 3.0 | 43.00 | NOTE | |||
r-release-macos-x86_64 | 3.0 | 64.00 | NOTE | |||
r-release-windows-x86_64 | 3.0 | 13.00 | 91.00 | 104.00 | NOTE | |
r-oldrel-macos-arm64 | 3.0 | 52.00 | NOTE | |||
r-oldrel-macos-x86_64 | 3.0 | 78.00 | NOTE | |||
r-oldrel-windows-x86_64 | 3.0 | 17.00 | 106.00 | 123.00 | NOTE |
Version: 3.0
Check: LazyData
Result: NOTE
'LazyData' is specified without a 'data' directory
Flavors: r-devel-linux-x86_64-debian-clang, r-devel-linux-x86_64-debian-gcc, r-devel-linux-x86_64-fedora-clang, r-devel-linux-x86_64-fedora-gcc, r-devel-windows-x86_64, r-patched-linux-x86_64, r-release-linux-x86_64, r-release-macos-arm64, r-release-macos-x86_64, r-release-windows-x86_64, r-oldrel-macos-arm64, r-oldrel-macos-x86_64, r-oldrel-windows-x86_64