Last updated on 2024-08-16 00:48:26 CEST.
Flavor | Version | Tinstall | Tcheck | Ttotal | Status | Flags |
---|---|---|---|---|---|---|
r-devel-linux-x86_64-debian-clang | 1.4.0 | 39.28 | 145.61 | 184.89 | NOTE | |
r-devel-linux-x86_64-debian-gcc | 1.4.0 | 25.54 | 101.67 | 127.21 | NOTE | |
r-devel-linux-x86_64-fedora-clang | 1.4.0 | 298.15 | NOTE | |||
r-devel-linux-x86_64-fedora-gcc | 1.4.0 | 283.50 | NOTE | |||
r-devel-windows-x86_64 | 1.4.0 | 44.00 | 174.00 | 218.00 | NOTE | |
r-patched-linux-x86_64 | 1.4.0 | 37.95 | 135.49 | 173.44 | NOTE | |
r-release-linux-x86_64 | 1.4.0 | 32.11 | 135.43 | 167.54 | NOTE | |
r-release-macos-arm64 | 1.4.0 | 78.00 | NOTE | |||
r-release-macos-x86_64 | 1.4.0 | 114.00 | NOTE | |||
r-release-windows-x86_64 | 1.4.0 | 43.00 | 174.00 | 217.00 | NOTE | |
r-oldrel-macos-arm64 | 1.4.0 | 80.00 | NOTE | |||
r-oldrel-macos-x86_64 | 1.4.0 | 217.00 | NOTE | |||
r-oldrel-windows-x86_64 | 1.4.0 | 58.00 | 220.00 | 278.00 | NOTE |
Version: 1.4.0
Check: for GNU extensions in Makefiles
Result: NOTE
GNU make is a SystemRequirements.
Flavors: r-devel-linux-x86_64-debian-clang, r-devel-linux-x86_64-debian-gcc, r-devel-linux-x86_64-fedora-clang, r-devel-linux-x86_64-fedora-gcc, r-devel-windows-x86_64, r-patched-linux-x86_64, r-release-linux-x86_64, r-release-macos-arm64, r-release-macos-x86_64, r-release-windows-x86_64, r-oldrel-macos-arm64, r-oldrel-macos-x86_64, r-oldrel-windows-x86_64
Version: 1.4.0
Check: package dependencies
Result: NOTE
Imports includes 31 non-default packages.
Importing from so many packages makes the package vulnerable to any of
them becoming unavailable. Move as many as possible to Suggests and
use conditionally.
Flavor: r-devel-linux-x86_64-fedora-clang
Version: 1.4.0
Check: dependencies in R code
Result: NOTE
Namespaces in Imports field not imported from:
‘R.utils’ ‘optparse’ ‘vcfR’
All declared Imports should be used.
Flavors: r-devel-linux-x86_64-fedora-clang, r-devel-linux-x86_64-fedora-gcc
Version: 1.4.0
Check: installed package size
Result: NOTE
installed size is 5.6Mb
sub-directories of 1Mb or more:
data 4.1Mb
Flavors: r-devel-windows-x86_64, r-release-macos-arm64, r-release-macos-x86_64, r-release-windows-x86_64, r-oldrel-macos-arm64, r-oldrel-macos-x86_64, r-oldrel-windows-x86_64