Last updated on 2024-08-16 00:48:27 CEST.
Flavor | Version | Tinstall | Tcheck | Ttotal | Status | Flags |
---|---|---|---|---|---|---|
r-devel-linux-x86_64-debian-clang | 0.10.7 | 33.95 | 203.86 | 237.81 | NOTE | |
r-devel-linux-x86_64-debian-gcc | 0.10.7 | 22.39 | 136.69 | 159.08 | NOTE | |
r-devel-linux-x86_64-fedora-clang | 0.10.7 | 388.02 | NOTE | |||
r-devel-linux-x86_64-fedora-gcc | 0.10.7 | 398.10 | NOTE | |||
r-devel-windows-x86_64 | 0.10.7 | 41.00 | 206.00 | 247.00 | NOTE | |
r-patched-linux-x86_64 | 0.10.7 | 34.65 | 188.64 | 223.29 | NOTE | |
r-release-linux-x86_64 | 0.10.7 | 31.49 | 190.31 | 221.80 | NOTE | |
r-release-macos-arm64 | 0.10.7 | 110.00 | NOTE | |||
r-release-macos-x86_64 | 0.10.7 | 172.00 | NOTE | |||
r-release-windows-x86_64 | 0.10.7 | 43.00 | 210.00 | 253.00 | NOTE | |
r-oldrel-macos-arm64 | 0.10.7 | 250.00 | NOTE | |||
r-oldrel-macos-x86_64 | 0.10.7 | 379.00 | NOTE | |||
r-oldrel-windows-x86_64 | 0.10.7 | 48.00 | 278.00 | 326.00 | NOTE |
Version: 0.10.7
Check: package dependencies
Result: NOTE
Package suggested but not available for checking: ‘rrelaxiv’
Flavors: r-devel-linux-x86_64-debian-clang, r-devel-linux-x86_64-debian-gcc, r-devel-linux-x86_64-fedora-clang, r-devel-linux-x86_64-fedora-gcc, r-devel-windows-x86_64, r-patched-linux-x86_64, r-release-linux-x86_64, r-release-macos-arm64, r-release-macos-x86_64, r-release-windows-x86_64, r-oldrel-macos-arm64, r-oldrel-macos-x86_64, r-oldrel-windows-x86_64