Last updated on 2024-08-16 00:48:27 CEST.
Flavor | Version | Tinstall | Tcheck | Ttotal | Status | Flags |
---|---|---|---|---|---|---|
r-devel-linux-x86_64-debian-clang | 1.4.3 | 155.84 | 30.47 | 186.31 | OK | |
r-devel-linux-x86_64-debian-gcc | 1.4.3 | 117.42 | 23.34 | 140.76 | OK | |
r-devel-linux-x86_64-fedora-clang | 1.4.3 | 360.88 | OK | |||
r-devel-linux-x86_64-fedora-gcc | 1.4.3 | 489.07 | OK | |||
r-devel-windows-x86_64 | 1.4.3 | 158.00 | 87.00 | 245.00 | OK | |
r-patched-linux-x86_64 | 1.4.3 | 164.69 | 28.87 | 193.56 | OK | |
r-release-linux-x86_64 | 1.4.3 | 166.75 | 29.00 | 195.75 | OK | |
r-release-macos-arm64 | 1.4.3 | 110.00 | NOTE | |||
r-release-macos-x86_64 | 1.4.3 | 170.00 | NOTE | |||
r-release-windows-x86_64 | 1.4.3 | 159.00 | 83.00 | 242.00 | OK | |
r-oldrel-macos-arm64 | 1.4.3 | 122.00 | NOTE | |||
r-oldrel-macos-x86_64 | 1.4.3 | 225.00 | NOTE | |||
r-oldrel-windows-x86_64 | 1.4.3 | 145.00 | 96.00 | 241.00 | OK |
Version: 1.4.3
Check: installed package size
Result: NOTE
installed size is 16.5Mb
sub-directories of 1Mb or more:
libs 16.1Mb
Flavors: r-release-macos-arm64, r-release-macos-x86_64, r-oldrel-macos-arm64, r-oldrel-macos-x86_64