Last updated on 2024-07-13 12:48:23 CEST.
Flavor | Version | Tinstall | Tcheck | Ttotal | Status | Flags |
---|---|---|---|---|---|---|
r-devel-linux-x86_64-debian-clang | 1.2.9 | 16.59 | 145.62 | 162.21 | NOTE | |
r-devel-linux-x86_64-debian-gcc | 1.2.9 | 11.69 | 109.46 | 121.15 | NOTE | |
r-devel-linux-x86_64-fedora-clang | 1.2.9 | 210.74 | NOTE | |||
r-devel-linux-x86_64-fedora-gcc | 1.2.9 | 188.36 | NOTE | |||
r-devel-windows-x86_64 | 1.2.9 | 13.00 | 115.00 | 128.00 | NOTE | |
r-patched-linux-x86_64 | 1.2.9 | 9.73 | 142.43 | 152.16 | NOTE | |
r-release-linux-x86_64 | 1.2.9 | 9.51 | 142.10 | 151.61 | NOTE | |
r-release-macos-arm64 | 1.2.9 | 49.00 | NOTE | |||
r-release-macos-x86_64 | 1.2.9 | 78.00 | NOTE | |||
r-release-windows-x86_64 | 1.2.9 | 13.00 | 117.00 | 130.00 | NOTE | |
r-oldrel-macos-arm64 | 1.2.9 | 55.00 | OK | |||
r-oldrel-macos-x86_64 | 1.2.9 | 86.00 | OK | |||
r-oldrel-windows-x86_64 | 1.2.9 | 18.00 | 141.00 | 159.00 | OK |
Version: 1.2.9
Check: Rd files
Result: NOTE
checkRd: (-1) rosePlotsAct.Rd:19: Lost braces; missing escapes or markup?
19 | A \code{plotly} {htmlwidget} with rose plots for locomotor activity.
| ^
checkRd: (-1) rosePlotsSleep.Rd:19: Lost braces; missing escapes or markup?
19 | #' @return A \code{plotly} {htmlwidget} with rose plots for sleep data.
| ^
Flavors: r-devel-linux-x86_64-debian-clang, r-devel-linux-x86_64-debian-gcc, r-devel-linux-x86_64-fedora-clang, r-devel-linux-x86_64-fedora-gcc, r-devel-windows-x86_64, r-patched-linux-x86_64, r-release-linux-x86_64, r-release-macos-arm64, r-release-macos-x86_64, r-release-windows-x86_64