Last updated on 2024-06-14 13:56:28 CEST.
Flavor | Version | Tinstall | Tcheck | Ttotal | Status | Flags |
---|---|---|---|---|---|---|
r-devel-linux-x86_64-debian-clang | 8.0.4 | 572.20 | 510.02 | 1082.22 | NOTE | |
r-devel-linux-x86_64-debian-gcc | 8.0.4 | 394.90 | 359.05 | 753.95 | NOTE | |
r-devel-linux-x86_64-fedora-clang | 8.0.4 | 1017.39 | NOTE | |||
r-devel-linux-x86_64-fedora-gcc | 8.0.4 | 1485.19 | NOTE | |||
r-devel-windows-x86_64 | 8.0.4 | 443.00 | 384.00 | 827.00 | NOTE | |
r-patched-linux-x86_64 | 8.0.4 | 498.80 | 481.52 | 980.32 | NOTE | |
r-release-linux-x86_64 | 8.0.4 | 489.89 | 472.95 | 962.84 | NOTE | |
r-release-macos-arm64 | 8.0.4 | 306.00 | NOTE | |||
r-release-macos-x86_64 | 8.0.4 | 584.00 | NOTE | |||
r-release-windows-x86_64 | 8.0.4 | 344.00 | 343.00 | 687.00 | NOTE | |
r-oldrel-macos-arm64 | 8.0.4 | 328.00 | NOTE | |||
r-oldrel-macos-x86_64 | 8.0.4 | 494.00 | NOTE | |||
r-oldrel-windows-x86_64 | 8.0.4 | 551.00 | 509.00 | 1060.00 | NOTE |
Version: 8.0.4
Check: package dependencies
Result: NOTE
Packages suggested but not available for checking:
'gurobi', 'rcbc', 'cplexAPI'
Flavors: r-devel-linux-x86_64-debian-clang, r-devel-linux-x86_64-debian-gcc, r-devel-linux-x86_64-fedora-clang, r-devel-linux-x86_64-fedora-gcc, r-devel-windows-x86_64, r-patched-linux-x86_64, r-release-linux-x86_64, r-release-macos-arm64, r-release-macos-x86_64, r-release-windows-x86_64, r-oldrel-macos-arm64, r-oldrel-macos-x86_64, r-oldrel-windows-x86_64
Version: 8.0.4
Check: installed package size
Result: NOTE
installed size is 8.8Mb
sub-directories of 1Mb or more:
R 1.3Mb
doc 4.7Mb
Flavors: r-devel-linux-x86_64-fedora-clang, r-devel-windows-x86_64, r-release-macos-arm64, r-release-macos-x86_64, r-release-windows-x86_64, r-oldrel-macos-arm64, r-oldrel-macos-x86_64, r-oldrel-windows-x86_64