Last updated on 2024-08-16 00:48:29 CEST.
Flavor | Version | Tinstall | Tcheck | Ttotal | Status | Flags |
---|---|---|---|---|---|---|
r-devel-linux-x86_64-debian-clang | 2.15.2 | 14.05 | 225.07 | 239.12 | NOTE | |
r-devel-linux-x86_64-debian-gcc | 2.15.2 | 11.06 | 156.99 | 168.05 | NOTE | |
r-devel-linux-x86_64-fedora-clang | 2.15.2 | 395.53 | NOTE | |||
r-devel-linux-x86_64-fedora-gcc | 2.15.2 | 399.00 | NOTE | |||
r-devel-windows-x86_64 | 2.15.2 | 18.00 | 256.00 | 274.00 | NOTE | |
r-patched-linux-x86_64 | 2.15.2 | 14.36 | 219.85 | 234.21 | NOTE | |
r-release-linux-x86_64 | 2.15.2 | 13.53 | 222.47 | 236.00 | NOTE | |
r-release-macos-arm64 | 2.15.2 | 126.00 | NOTE | |||
r-release-macos-x86_64 | 2.15.2 | 215.00 | NOTE | |||
r-release-windows-x86_64 | 2.15.2 | 20.00 | 254.00 | 274.00 | NOTE | |
r-oldrel-macos-arm64 | 2.15.2 | 130.00 | OK | |||
r-oldrel-macos-x86_64 | 2.15.2 | 305.00 | OK | |||
r-oldrel-windows-x86_64 | 2.15.2 | 24.00 | 328.00 | 352.00 | OK |
Version: 2.15.2
Check: Rd files
Result: NOTE
checkRd: (-1) qgcomp.survcurve.boot.Rd:17-19: Lost braces in \itemize; \value handles \item{}{} directly
checkRd: (-1) qgcomp.survcurve.boot.Rd:20-21: Lost braces in \itemize; \value handles \item{}{} directly
checkRd: (-1) qgcomp.survcurve.boot.Rd:22-23: Lost braces in \itemize; \value handles \item{}{} directly
checkRd: (-1) qgcomp.survcurve.boot.Rd:24-25: Lost braces in \itemize; \value handles \item{}{} directly
Flavors: r-devel-linux-x86_64-debian-clang, r-devel-linux-x86_64-debian-gcc, r-devel-linux-x86_64-fedora-clang, r-devel-linux-x86_64-fedora-gcc, r-devel-windows-x86_64, r-patched-linux-x86_64, r-release-linux-x86_64, r-release-macos-arm64, r-release-macos-x86_64, r-release-windows-x86_64