Last updated on 2024-08-16 12:49:17 CEST.
Flavor | Version | Tinstall | Tcheck | Ttotal | Status | Flags |
---|---|---|---|---|---|---|
r-devel-linux-x86_64-debian-clang | 0.0.12 | 124.50 | 24.15 | 148.65 | OK | |
r-devel-linux-x86_64-debian-gcc | 0.0.12 | 86.85 | 18.76 | 105.61 | OK | |
r-devel-linux-x86_64-fedora-clang | 0.0.12 | 356.37 | OK | |||
r-devel-linux-x86_64-fedora-gcc | 0.0.12 | 315.85 | OK | |||
r-devel-windows-x86_64 | 0.0.12 | 174.00 | 74.00 | 248.00 | OK | |
r-patched-linux-x86_64 | 0.0.12 | 128.07 | 23.09 | 151.16 | OK | |
r-release-linux-x86_64 | 0.0.12 | 127.25 | 23.13 | 150.38 | OK | |
r-release-macos-arm64 | 0.0.12 | 63.00 | NOTE | |||
r-release-macos-x86_64 | 0.0.12 | 94.00 | NOTE | |||
r-release-windows-x86_64 | 0.0.12 | 162.00 | 69.00 | 231.00 | OK | |
r-oldrel-macos-arm64 | 0.0.12 | 71.00 | NOTE | |||
r-oldrel-macos-x86_64 | 0.0.12 | 116.00 | NOTE | |||
r-oldrel-windows-x86_64 | 0.0.12 | 151.00 | 76.00 | 227.00 | OK |
Version: 0.0.12
Check: installed package size
Result: NOTE
installed size is 7.6Mb
sub-directories of 1Mb or more:
libs 7.5Mb
Flavors: r-release-macos-arm64, r-release-macos-x86_64, r-oldrel-macos-arm64, r-oldrel-macos-x86_64