Last updated on 2024-06-14 00:53:57 CEST.
Flavor | Version | Tinstall | Tcheck | Ttotal | Status | Flags |
---|---|---|---|---|---|---|
r-devel-linux-x86_64-debian-clang | 2.3.3 | 31.85 | 193.32 | 225.17 | NOTE | |
r-devel-linux-x86_64-debian-gcc | 2.3.3 | 0.64 | 1.69 | 2.33 | ERROR | |
r-devel-linux-x86_64-fedora-clang | 2.3.3 | 266.90 | OK | |||
r-devel-linux-x86_64-fedora-gcc | 2.3.3 | 260.91 | OK | |||
r-devel-windows-x86_64 | 2.3.3 | 22.00 | 151.00 | 173.00 | OK | |
r-patched-linux-x86_64 | 2.3.3 | 26.96 | 179.29 | 206.25 | NOTE | |
r-release-linux-x86_64 | 2.3.3 | 17.00 | 178.09 | 195.09 | NOTE | |
r-release-macos-arm64 | 2.3.3 | 69.00 | NOTE | |||
r-release-macos-x86_64 | 2.3.3 | 104.00 | NOTE | |||
r-release-windows-x86_64 | 2.3.3 | 25.00 | 155.00 | 180.00 | OK | |
r-oldrel-macos-arm64 | 2.3.3 | 72.00 | NOTE | |||
r-oldrel-macos-x86_64 | 2.3.3 | 149.00 | NOTE | |||
r-oldrel-windows-x86_64 | 2.3.3 | 30.00 | 183.00 | 213.00 | NOTE |
Version: 2.3.3
Check: package dependencies
Result: NOTE
Package suggested but not available for checking: ‘INLA’
Flavors: r-devel-linux-x86_64-debian-clang, r-patched-linux-x86_64, r-release-linux-x86_64, r-release-macos-arm64, r-release-macos-x86_64, r-oldrel-macos-arm64, r-oldrel-macos-x86_64, r-oldrel-windows-x86_64
Version: 2.3.3
Check: package dependencies
Result: ERROR
Packages required but not available: 'fmesher', 'broom'
Packages suggested but not available for checking:
'INLA', 'testthat', 'ggplot2', 'inlabru', 'viridis', 'tidyr', 'dplyr'
See section ‘The DESCRIPTION file’ in the ‘Writing R Extensions’
manual.
Flavor: r-devel-linux-x86_64-debian-gcc