Last updated on 2024-08-16 00:48:29 CEST.
Flavor | Version | Tinstall | Tcheck | Ttotal | Status | Flags |
---|---|---|---|---|---|---|
r-devel-linux-x86_64-debian-clang | 1.6.6 | 25.70 | 183.53 | 209.23 | NOTE | |
r-devel-linux-x86_64-debian-gcc | 1.6.6 | 17.72 | 122.07 | 139.79 | NOTE | |
r-devel-linux-x86_64-fedora-clang | 1.6.6 | 331.80 | NOTE | |||
r-devel-linux-x86_64-fedora-gcc | 1.6.6 | 307.50 | OK | |||
r-devel-windows-x86_64 | 1.6.6 | 28.00 | 201.00 | 229.00 | NOTE | |
r-patched-linux-x86_64 | 1.6.6 | 31.04 | 169.32 | 200.36 | OK | |
r-release-linux-x86_64 | 1.6.6 | 24.36 | 171.95 | 196.31 | OK | |
r-release-macos-arm64 | 1.6.6 | 56.00 | OK | |||
r-release-macos-x86_64 | 1.6.6 | 136.00 | OK | |||
r-release-windows-x86_64 | 1.6.6 | 28.00 | 199.00 | 227.00 | OK | |
r-oldrel-macos-arm64 | 1.6.6 | 75.00 | OK | |||
r-oldrel-macos-x86_64 | 1.6.6 | 124.00 | OK | |||
r-oldrel-windows-x86_64 | 1.6.6 | 37.00 | 255.00 | 292.00 | OK |
Version: 1.6.6
Check: Rd cross-references
Result: NOTE
Found the following Rd file(s) with Rd \link{} targets missing package
anchors:
plot.crtree.Rd: plot.rpart
scale_df.Rd: copy_attr
Please provide package anchors for all Rd \link{} targets not in the
package itself and the base packages.
Flavors: r-devel-linux-x86_64-debian-clang, r-devel-linux-x86_64-debian-gcc, r-devel-windows-x86_64
Version: 1.6.6
Check: package dependencies
Result: NOTE
Imports includes 30 non-default packages.
Importing from so many packages makes the package vulnerable to any of
them becoming unavailable. Move as many as possible to Suggests and
use conditionally.
Flavor: r-devel-linux-x86_64-fedora-clang