Last updated on 2024-08-16 00:48:29 CEST.
Flavor | Version | Tinstall | Tcheck | Ttotal | Status | Flags |
---|---|---|---|---|---|---|
r-devel-linux-x86_64-debian-clang | 2.2.7 | 47.55 | 219.46 | 267.01 | NOTE | |
r-devel-linux-x86_64-debian-gcc | 2.2.7 | 34.95 | 145.57 | 180.52 | NOTE | |
r-devel-linux-x86_64-fedora-clang | 2.2.7 | 436.24 | OK | |||
r-devel-linux-x86_64-fedora-gcc | 2.2.7 | 445.13 | OK | |||
r-devel-windows-x86_64 | 2.2.7 | 48.00 | 241.00 | 289.00 | NOTE | |
r-patched-linux-x86_64 | 2.2.7 | 61.30 | 205.87 | 267.17 | OK | |
r-release-linux-x86_64 | 2.2.7 | 47.11 | 207.98 | 255.09 | OK | |
r-release-macos-arm64 | 2.2.7 | 114.00 | NOTE | |||
r-release-macos-x86_64 | 2.2.7 | 175.00 | NOTE | |||
r-release-windows-x86_64 | 2.2.7 | 48.00 | 244.00 | 292.00 | OK | |
r-oldrel-macos-arm64 | 2.2.7 | 117.00 | NOTE | |||
r-oldrel-macos-x86_64 | 2.2.7 | 286.00 | NOTE | |||
r-oldrel-windows-x86_64 | 2.2.7 | 63.00 | 311.00 | 374.00 | OK |
Version: 2.2.7
Check: Rd cross-references
Result: NOTE
Found the following Rd file(s) with Rd \link{} targets missing package
anchors:
Communities.Rd: igraph
DiffGraph.Rd: igraph
GGMpathStats.Rd: igraph
Ugraph.Rd: igraph
Please provide package anchors for all Rd \link{} targets not in the
package itself and the base packages.
Flavors: r-devel-linux-x86_64-debian-clang, r-devel-linux-x86_64-debian-gcc, r-devel-windows-x86_64
Version: 2.2.7
Check: installed package size
Result: NOTE
installed size is 5.8Mb
sub-directories of 1Mb or more:
libs 4.6Mb
Flavors: r-release-macos-arm64, r-release-macos-x86_64, r-oldrel-macos-arm64, r-oldrel-macos-x86_64