Last updated on 2024-08-16 00:48:29 CEST.
Flavor | Version | Tinstall | Tcheck | Ttotal | Status | Flags |
---|---|---|---|---|---|---|
r-devel-linux-x86_64-debian-clang | 0.6.4 | 4.93 | 65.54 | 70.47 | NOTE | |
r-devel-linux-x86_64-debian-gcc | 0.6.4 | 3.75 | 51.73 | 55.48 | NOTE | |
r-devel-linux-x86_64-fedora-clang | 0.6.4 | 118.67 | NOTE | |||
r-devel-linux-x86_64-fedora-gcc | 0.6.4 | 125.73 | NOTE | |||
r-devel-windows-x86_64 | 0.6.4 | 5.00 | 86.00 | 91.00 | NOTE | |
r-patched-linux-x86_64 | 0.6.4 | 5.35 | 64.29 | 69.64 | NOTE | |
r-release-linux-x86_64 | 0.6.4 | 4.25 | 64.50 | 68.75 | NOTE | |
r-release-macos-arm64 | 0.6.4 | 57.00 | NOTE | |||
r-release-macos-x86_64 | 0.6.4 | 59.00 | NOTE | |||
r-release-windows-x86_64 | 0.6.4 | 7.00 | 86.00 | 93.00 | NOTE | |
r-oldrel-macos-arm64 | 0.6.4 | 39.00 | NOTE | |||
r-oldrel-macos-x86_64 | 0.6.4 | 51.00 | NOTE | |||
r-oldrel-windows-x86_64 | 0.6.4 | 5.00 | 91.00 | 96.00 | NOTE |
Version: 0.6.4
Check: LazyData
Result: NOTE
'LazyData' is specified without a 'data' directory
Flavors: r-devel-linux-x86_64-debian-clang, r-devel-linux-x86_64-debian-gcc, r-devel-linux-x86_64-fedora-clang, r-devel-linux-x86_64-fedora-gcc, r-devel-windows-x86_64, r-patched-linux-x86_64, r-release-linux-x86_64, r-release-macos-arm64, r-release-macos-x86_64, r-release-windows-x86_64, r-oldrel-macos-arm64, r-oldrel-macos-x86_64, r-oldrel-windows-x86_64