Last updated on 2024-08-16 00:48:30 CEST.
Flavor | Version | Tinstall | Tcheck | Ttotal | Status | Flags |
---|---|---|---|---|---|---|
r-devel-linux-x86_64-debian-clang | 1.1.7 | 47.12 | 26.29 | 73.41 | NOTE | |
r-devel-linux-x86_64-debian-gcc | 1.1.7 | 35.33 | 20.51 | 55.84 | NOTE | |
r-devel-linux-x86_64-fedora-clang | 1.1.7 | 120.84 | NOTE | |||
r-devel-linux-x86_64-fedora-gcc | 1.1.7 | 149.76 | NOTE | |||
r-devel-windows-x86_64 | 1.1.7 | 52.00 | 69.00 | 121.00 | NOTE | |
r-patched-linux-x86_64 | 1.1.7 | 56.35 | 25.14 | 81.49 | NOTE | |
r-release-linux-x86_64 | 1.1.7 | 49.81 | 25.64 | 75.45 | NOTE | |
r-release-macos-arm64 | 1.1.7 | 37.00 | NOTE | |||
r-release-macos-x86_64 | 1.1.7 | 51.00 | NOTE | |||
r-release-windows-x86_64 | 1.1.7 | 52.00 | 73.00 | 125.00 | NOTE | |
r-oldrel-macos-arm64 | 1.1.7 | 40.00 | NOTE | |||
r-oldrel-macos-x86_64 | 1.1.7 | 88.00 | NOTE | |||
r-oldrel-windows-x86_64 | 1.1.7 | 63.00 | 81.00 | 144.00 | NOTE |
Version: 1.1.7
Check: for GNU extensions in Makefiles
Result: NOTE
GNU make is a SystemRequirements.
Flavors: r-devel-linux-x86_64-debian-clang, r-devel-linux-x86_64-debian-gcc, r-devel-linux-x86_64-fedora-clang, r-devel-linux-x86_64-fedora-gcc, r-devel-windows-x86_64, r-patched-linux-x86_64, r-release-linux-x86_64, r-release-macos-arm64, r-release-macos-x86_64, r-release-windows-x86_64, r-oldrel-macos-arm64, r-oldrel-macos-x86_64, r-oldrel-windows-x86_64
Version: 1.1.7
Check: installed package size
Result: NOTE
installed size is 6.1Mb
sub-directories of 1Mb or more:
libs 5.5Mb
Flavors: r-release-macos-arm64, r-release-macos-x86_64, r-oldrel-macos-arm64, r-oldrel-macos-x86_64