Last updated on 2024-08-16 00:48:31 CEST.
Flavor | Version | Tinstall | Tcheck | Ttotal | Status | Flags |
---|---|---|---|---|---|---|
r-devel-linux-x86_64-debian-clang | 0.6.15 | 177.91 | 321.11 | 499.02 | OK | |
r-devel-linux-x86_64-debian-gcc | 0.6.15 | 124.37 | 309.38 | 433.75 | OK | |
r-devel-linux-x86_64-fedora-clang | 0.6.15 | 841.88 | OK | |||
r-devel-linux-x86_64-fedora-gcc | 0.6.15 | 808.16 | OK | |||
r-devel-windows-x86_64 | 0.6.15 | 14.00 | 424.00 | 438.00 | NOTE | |
r-patched-linux-x86_64 | 0.6.15 | 185.69 | 327.47 | 513.16 | OK | |
r-release-linux-x86_64 | 0.6.15 | 181.09 | 331.23 | 512.32 | OK | |
r-release-macos-arm64 | 0.6.15 | 390.00 | NOTE | |||
r-release-macos-x86_64 | 0.6.15 | 631.00 | NOTE | |||
r-release-windows-x86_64 | 0.6.15 | 14.00 | 414.00 | 428.00 | NOTE | |
r-oldrel-macos-arm64 | 0.6.15 | 423.00 | NOTE | |||
r-oldrel-macos-x86_64 | 0.6.15 | 496.00 | NOTE | |||
r-oldrel-windows-x86_64 | 0.6.15 | 17.00 | 462.00 | 479.00 | NOTE |
Version: 0.6.15
Check: installed package size
Result: NOTE
installed size is 6.6Mb
sub-directories of 1Mb or more:
bin 5.8Mb
Flavors: r-devel-windows-x86_64, r-release-macos-arm64, r-release-macos-x86_64, r-release-windows-x86_64, r-oldrel-macos-arm64, r-oldrel-macos-x86_64, r-oldrel-windows-x86_64