Last updated on 2024-08-16 00:48:31 CEST.
Flavor | Version | Tinstall | Tcheck | Ttotal | Status | Flags |
---|---|---|---|---|---|---|
r-devel-linux-x86_64-debian-clang | 0.4.9 | 171.61 | 47.49 | 219.10 | NOTE | |
r-devel-linux-x86_64-debian-gcc | 0.4.9 | 117.16 | 37.67 | 154.83 | NOTE | |
r-devel-linux-x86_64-fedora-clang | 0.4.9 | 566.23 | NOTE | |||
r-devel-linux-x86_64-fedora-gcc | 0.4.9 | 477.89 | NOTE | |||
r-devel-windows-x86_64 | 0.4.9 | 219.00 | 105.00 | 324.00 | NOTE | |
r-patched-linux-x86_64 | 0.4.9 | 169.49 | 48.09 | 217.58 | NOTE | |
r-release-linux-x86_64 | 0.4.9 | 170.62 | 48.62 | 219.24 | NOTE | |
r-release-macos-arm64 | 0.4.9 | 118.00 | NOTE | |||
r-release-macos-x86_64 | 0.4.9 | 194.00 | NOTE | |||
r-release-windows-x86_64 | 0.4.9 | 225.00 | 119.00 | 344.00 | NOTE | |
r-oldrel-macos-arm64 | 0.4.9 | 110.00 | NOTE | |||
r-oldrel-macos-x86_64 | 0.4.9 | 340.00 | NOTE | |||
r-oldrel-windows-x86_64 | 0.4.9 | 269.00 | 133.00 | 402.00 | NOTE |
Version: 0.4.9
Check: for GNU extensions in Makefiles
Result: NOTE
GNU make is a SystemRequirements.
Flavors: r-devel-linux-x86_64-debian-clang, r-devel-linux-x86_64-debian-gcc, r-devel-linux-x86_64-fedora-clang, r-devel-linux-x86_64-fedora-gcc, r-devel-windows-x86_64, r-patched-linux-x86_64, r-release-linux-x86_64, r-release-macos-arm64, r-release-macos-x86_64, r-release-windows-x86_64, r-oldrel-macos-arm64, r-oldrel-macos-x86_64, r-oldrel-windows-x86_64
Version: 0.4.9
Check: installed package size
Result: NOTE
installed size is 5.4Mb
sub-directories of 1Mb or more:
doc 1.7Mb
libs 3.2Mb
Flavors: r-devel-linux-x86_64-fedora-clang, r-release-macos-arm64, r-release-macos-x86_64, r-release-windows-x86_64, r-oldrel-macos-arm64, r-oldrel-macos-x86_64, r-oldrel-windows-x86_64