Last updated on 2024-08-16 00:48:31 CEST.
Flavor | Version | Tinstall | Tcheck | Ttotal | Status | Flags |
---|---|---|---|---|---|---|
r-devel-linux-x86_64-debian-clang | 0.0.2 | 13.61 | 258.01 | 271.62 | NOTE | |
r-devel-linux-x86_64-debian-gcc | 0.0.2 | 9.56 | 198.52 | 208.08 | NOTE | |
r-devel-linux-x86_64-fedora-clang | 0.0.2 | 405.69 | NOTE | |||
r-devel-linux-x86_64-fedora-gcc | 0.0.2 | 408.41 | OK | |||
r-devel-windows-x86_64 | 0.0.2 | 13.00 | 236.00 | 249.00 | NOTE | |
r-patched-linux-x86_64 | 0.0.2 | 17.79 | 250.07 | 267.86 | OK | |
r-release-linux-x86_64 | 0.0.2 | 10.06 | 243.00 | 253.06 | OK | |
r-release-macos-arm64 | 0.0.2 | 136.00 | OK | |||
r-release-macos-x86_64 | 0.0.2 | 337.00 | OK | |||
r-release-windows-x86_64 | 0.0.2 | 12.00 | 232.00 | 244.00 | OK | |
r-oldrel-macos-arm64 | 0.0.2 | 150.00 | OK | |||
r-oldrel-macos-x86_64 | 0.0.2 | 406.00 | OK | |||
r-oldrel-windows-x86_64 | 0.0.2 | 17.00 | 248.00 | 265.00 | OK |
Version: 0.0.2
Check: Rd cross-references
Result: NOTE
Found the following Rd file(s) with Rd \link{} targets missing package
anchors:
step_aggregate_hclust.Rd: selections, bake, prep
step_aggregate_list.Rd: selections, bake, prep
step_rownormalize_tss.Rd: selections, bake, prep
step_select_background.Rd: selections, bake, prep
step_select_cv.Rd: selections, bake, prep
step_select_kruskal.Rd: selections, bake, prep
step_select_wilcoxon.Rd: selections, bake, prep
step_taxonomy.Rd: selections, bake, prep
Please provide package anchors for all Rd \link{} targets not in the
package itself and the base packages.
Flavors: r-devel-linux-x86_64-debian-clang, r-devel-linux-x86_64-debian-gcc, r-devel-windows-x86_64
Version: 0.0.2
Check: Rd cross-references
Result: NOTE
Undeclared package ‘yatah’ in Rd xrefs
Flavor: r-devel-linux-x86_64-fedora-clang