Last updated on 2024-08-16 00:48:32 CEST.
Flavor | Version | Tinstall | Tcheck | Ttotal | Status | Flags |
---|---|---|---|---|---|---|
r-devel-linux-x86_64-debian-clang | 1.0.0 | 1.48 | 18.11 | 19.59 | NOTE | |
r-devel-linux-x86_64-debian-gcc | 1.0.0 | 1.25 | 14.48 | 15.73 | NOTE | |
r-devel-linux-x86_64-fedora-clang | 1.0.0 | 31.31 | NOTE | |||
r-devel-linux-x86_64-fedora-gcc | 1.0.0 | 29.87 | NOTE | |||
r-devel-windows-x86_64 | 1.0.0 | 2.00 | 39.00 | 41.00 | NOTE | |
r-patched-linux-x86_64 | 1.0.0 | 1.60 | 17.25 | 18.85 | NOTE | |
r-release-linux-x86_64 | 1.0.0 | 1.41 | 17.41 | 18.82 | NOTE | |
r-release-macos-arm64 | 1.0.0 | 15.00 | NOTE | |||
r-release-macos-x86_64 | 1.0.0 | 19.00 | NOTE | |||
r-release-windows-x86_64 | 1.0.0 | 3.00 | 40.00 | 43.00 | NOTE | |
r-oldrel-macos-arm64 | 1.0.0 | 18.00 | NOTE | |||
r-oldrel-macos-x86_64 | 1.0.0 | 20.00 | NOTE | |||
r-oldrel-windows-x86_64 | 1.0.0 | 4.00 | 43.00 | 47.00 | NOTE |
Version: 1.0.0
Check: LazyData
Result: NOTE
'LazyData' is specified without a 'data' directory
Flavors: r-devel-linux-x86_64-debian-clang, r-devel-linux-x86_64-debian-gcc, r-devel-linux-x86_64-fedora-clang, r-devel-linux-x86_64-fedora-gcc, r-devel-windows-x86_64, r-patched-linux-x86_64, r-release-linux-x86_64, r-release-macos-arm64, r-release-macos-x86_64, r-release-windows-x86_64, r-oldrel-macos-arm64, r-oldrel-macos-x86_64, r-oldrel-windows-x86_64