Last updated on 2024-08-16 00:48:32 CEST.
Flavor | Version | Tinstall | Tcheck | Ttotal | Status | Flags |
---|---|---|---|---|---|---|
r-devel-linux-x86_64-debian-clang | 3.1.1 | 2.36 | 43.57 | 45.93 | NOTE | |
r-devel-linux-x86_64-debian-gcc | 3.1.1 | 1.83 | 31.23 | 33.06 | NOTE | |
r-devel-linux-x86_64-fedora-clang | 3.1.1 | 75.26 | NOTE | |||
r-devel-linux-x86_64-fedora-gcc | 3.1.1 | 110.88 | NOTE | |||
r-devel-windows-x86_64 | 3.1.1 | 3.00 | 72.00 | 75.00 | NOTE | |
r-patched-linux-x86_64 | 3.1.1 | 2.58 | 41.74 | 44.32 | NOTE | |
r-release-linux-x86_64 | 3.1.1 | 2.20 | 42.42 | 44.62 | NOTE | |
r-release-macos-arm64 | 3.1.1 | 37.00 | NOTE | |||
r-release-macos-x86_64 | 3.1.1 | 68.00 | NOTE | |||
r-release-windows-x86_64 | 3.1.1 | 5.00 | 75.00 | 80.00 | NOTE | |
r-oldrel-macos-arm64 | 3.1.1 | 42.00 | NOTE | |||
r-oldrel-macos-x86_64 | 3.1.1 | 66.00 | NOTE | |||
r-oldrel-windows-x86_64 | 3.1.1 | 4.00 | 74.00 | 78.00 | NOTE |
Version: 3.1.1
Check: package subdirectories
Result: NOTE
Problems with news in ‘NEWS.md’:
No news entries found.
Flavors: r-devel-linux-x86_64-debian-clang, r-devel-linux-x86_64-debian-gcc, r-devel-linux-x86_64-fedora-clang, r-devel-linux-x86_64-fedora-gcc, r-devel-windows-x86_64, r-patched-linux-x86_64, r-release-linux-x86_64, r-release-macos-arm64, r-release-macos-x86_64, r-release-windows-x86_64, r-oldrel-macos-arm64, r-oldrel-macos-x86_64, r-oldrel-windows-x86_64