Last updated on 2024-08-16 00:48:32 CEST.
Flavor | Version | Tinstall | Tcheck | Ttotal | Status | Flags |
---|---|---|---|---|---|---|
r-devel-linux-x86_64-debian-clang | 1.3.0 | 0.55 | 1.83 | 2.38 | ERROR | |
r-devel-linux-x86_64-debian-gcc | 1.3.0 | 0.46 | 1.66 | 2.12 | ERROR | |
r-devel-linux-x86_64-fedora-clang | 1.3.0 | 2.46 | ERROR | |||
r-devel-linux-x86_64-fedora-gcc | 1.3.0 | 2.64 | ERROR | |||
r-devel-windows-x86_64 | 1.3.0 | 11.00 | 67.00 | 78.00 | OK | |
r-patched-linux-x86_64 | 1.3.0 | 11.59 | 51.10 | 62.69 | OK | |
r-release-linux-x86_64 | 1.3.0 | 10.51 | 51.07 | 61.58 | OK | |
r-release-macos-arm64 | 1.3.0 | 33.00 | OK | |||
r-release-macos-x86_64 | 1.3.0 | 54.00 | OK | |||
r-release-windows-x86_64 | 1.3.0 | 10.00 | 67.00 | 77.00 | OK | |
r-oldrel-macos-arm64 | 1.3.0 | 36.00 | OK | |||
r-oldrel-macos-x86_64 | 1.3.0 | 60.00 | OK | |||
r-oldrel-windows-x86_64 | 1.3.0 | 10.00 | 75.00 | 85.00 | OK |
Version: 1.3.0
Check: package dependencies
Result: ERROR
Packages required but not available: 'SNPRelate', 'gdsfmt'
See section ‘The DESCRIPTION file’ in the ‘Writing R Extensions’
manual.
Flavors: r-devel-linux-x86_64-debian-clang, r-devel-linux-x86_64-debian-gcc, r-devel-linux-x86_64-fedora-clang, r-devel-linux-x86_64-fedora-gcc