Last updated on 2024-08-16 12:49:20 CEST.
Flavor | Version | Tinstall | Tcheck | Ttotal | Status | Flags |
---|---|---|---|---|---|---|
r-devel-linux-x86_64-debian-clang | 0.48 | 15.56 | 111.62 | 127.18 | NOTE | |
r-devel-linux-x86_64-debian-gcc | 0.48 | 9.95 | 75.70 | 85.65 | NOTE | |
r-devel-linux-x86_64-fedora-clang | 0.48 | 198.11 | OK | |||
r-devel-linux-x86_64-fedora-gcc | 0.48 | 187.61 | OK | |||
r-devel-windows-x86_64 | 0.48 | 15.00 | 115.00 | 130.00 | NOTE | |
r-patched-linux-x86_64 | 0.48 | 15.99 | 104.24 | 120.23 | OK | |
r-release-linux-x86_64 | 0.48 | 11.12 | 103.75 | 114.87 | OK | |
r-release-macos-arm64 | 0.48 | 53.00 | OK | |||
r-release-macos-x86_64 | 0.48 | 80.00 | OK | |||
r-release-windows-x86_64 | 0.48 | 14.00 | 115.00 | 129.00 | OK | |
r-oldrel-macos-arm64 | 0.48 | 61.00 | OK | |||
r-oldrel-macos-x86_64 | 0.48 | 100.00 | OK | |||
r-oldrel-windows-x86_64 | 0.48 | 19.00 | 151.00 | 170.00 | OK |
Version: 0.48
Check: Rd cross-references
Result: NOTE
Found the following Rd file(s) with Rd \link{} targets missing package
anchors:
bootMSE.Rd: boot
plot.sisal.Rd: draw.colorkey
sisal.Rd: magic
Please provide package anchors for all Rd \link{} targets not in the
package itself and the base packages.
Flavors: r-devel-linux-x86_64-debian-clang, r-devel-linux-x86_64-debian-gcc, r-devel-windows-x86_64