Last updated on 2024-07-13 12:48:28 CEST.
Flavor | Version | Tinstall | Tcheck | Ttotal | Status | Flags |
---|---|---|---|---|---|---|
r-devel-linux-x86_64-debian-clang | 0.0.1 | 3.39 | 47.43 | 50.82 | OK | |
r-devel-linux-x86_64-debian-gcc | 0.0.1 | 2.44 | 33.69 | 36.13 | OK | |
r-devel-linux-x86_64-fedora-clang | 0.0.1 | 63.63 | NOTE | |||
r-devel-linux-x86_64-fedora-gcc | 0.0.1 | 57.37 | NOTE | |||
r-devel-windows-x86_64 | 0.0.1 | 5.00 | 55.00 | 60.00 | OK | |
r-patched-linux-x86_64 | 0.0.1 | 3.38 | 44.29 | 47.67 | OK | |
r-release-linux-x86_64 | 0.0.1 | 3.00 | 44.36 | 47.36 | OK | |
r-release-macos-arm64 | 0.0.1 | 21.00 | OK | |||
r-release-macos-x86_64 | 0.0.1 | 33.00 | OK | |||
r-release-windows-x86_64 | 0.0.1 | 5.00 | 56.00 | 61.00 | OK | |
r-oldrel-macos-arm64 | 0.0.1 | 24.00 | OK | |||
r-oldrel-macos-x86_64 | 0.0.1 | 33.00 | OK | |||
r-oldrel-windows-x86_64 | 0.0.1 | 5.00 | 62.00 | 67.00 | OK |
Version: 0.0.1
Check: dependencies in R code
Result: NOTE
Namespaces in Imports field not imported from:
‘Rdpack’ ‘ggplot2’
All declared Imports should be used.
Flavors: r-devel-linux-x86_64-fedora-clang, r-devel-linux-x86_64-fedora-gcc