Last updated on 2024-08-16 12:49:20 CEST.
Flavor | Version | Tinstall | Tcheck | Ttotal | Status | Flags |
---|---|---|---|---|---|---|
r-devel-linux-x86_64-debian-clang | 1.0-20160527 | 1.82 | 25.15 | 26.97 | NOTE | |
r-devel-linux-x86_64-debian-gcc | 1.0-20160527 | 1.62 | 19.87 | 21.49 | NOTE | |
r-devel-linux-x86_64-fedora-clang | 1.0-20160527 | 42.61 | NOTE | |||
r-devel-linux-x86_64-fedora-gcc | 1.0-20160527 | 40.06 | NOTE | |||
r-devel-windows-x86_64 | 1.0-20160527 | 3.00 | 53.00 | 56.00 | NOTE | |
r-patched-linux-x86_64 | 1.0-20160527 | 2.51 | 24.34 | 26.85 | NOTE | |
r-release-linux-x86_64 | 1.0-20160527 | 1.96 | 24.15 | 26.11 | NOTE | |
r-release-macos-arm64 | 1.0-20160527 | 20.00 | NOTE | |||
r-release-macos-x86_64 | 1.0-20160527 | 26.00 | NOTE | |||
r-release-windows-x86_64 | 1.0-20160527 | 3.00 | 54.00 | 57.00 | NOTE | |
r-oldrel-macos-arm64 | 1.0-20160527 | 19.00 | NOTE | |||
r-oldrel-macos-x86_64 | 1.0-20160527 | 25.00 | NOTE | |||
r-oldrel-windows-x86_64 | 1.0-20160527 | 4.00 | 52.00 | 56.00 | NOTE |
Version: 1.0-20160527
Check: Rd cross-references
Result: NOTE
Found the following Rd file(s) with Rd \link{} targets missing package
anchors:
dev.Rd: post
postproc.Rd: post
Please provide package anchors for all Rd \link{} targets not in the
package itself and the base packages.
Flavors: r-devel-linux-x86_64-debian-clang, r-devel-linux-x86_64-debian-gcc, r-devel-windows-x86_64
Version: 1.0-20160527
Check: LazyData
Result: NOTE
'LazyData' is specified without a 'data' directory
Flavors: r-devel-linux-x86_64-debian-clang, r-devel-linux-x86_64-debian-gcc, r-devel-linux-x86_64-fedora-clang, r-devel-linux-x86_64-fedora-gcc, r-devel-windows-x86_64, r-patched-linux-x86_64, r-release-linux-x86_64, r-release-macos-arm64, r-release-macos-x86_64, r-release-windows-x86_64, r-oldrel-macos-arm64, r-oldrel-macos-x86_64, r-oldrel-windows-x86_64