Last updated on 2024-08-16 00:48:33 CEST.
Flavor | Version | Tinstall | Tcheck | Ttotal | Status | Flags |
---|---|---|---|---|---|---|
r-devel-linux-x86_64-debian-clang | 4.0 | 6.08 | 28.87 | 34.95 | NOTE | |
r-devel-linux-x86_64-debian-gcc | 4.0 | 4.40 | 22.96 | 27.36 | NOTE | |
r-devel-linux-x86_64-fedora-clang | 4.0 | 55.47 | NOTE | |||
r-devel-linux-x86_64-fedora-gcc | 4.0 | 312.12 | NOTE | |||
r-devel-windows-x86_64 | 4.0 | 9.00 | 53.00 | 62.00 | NOTE | |
r-patched-linux-x86_64 | 4.0 | 6.80 | 27.66 | 34.46 | NOTE | |
r-release-linux-x86_64 | 4.0 | 6.59 | 27.91 | 34.50 | NOTE | |
r-release-macos-arm64 | 4.0 | 117.00 | NOTE | |||
r-release-macos-x86_64 | 4.0 | 202.00 | NOTE | |||
r-release-windows-x86_64 | 4.0 | 10.00 | 55.00 | 65.00 | NOTE | |
r-oldrel-macos-arm64 | 4.0 | 128.00 | OK | |||
r-oldrel-macos-x86_64 | 4.0 | 220.00 | OK | |||
r-oldrel-windows-x86_64 | 4.0 | 10.00 | 56.00 | 66.00 | OK |
Version: 4.0
Check: Rd files
Result: NOTE
checkRd: (-1) elasticNetSEMcv.Rd:69: Lost braces in \itemize; \value handles \item{}{} directly
checkRd: (-1) elasticNetSEMcv.Rd:71-74: Lost braces in \itemize; \value handles \item{}{} directly
checkRd: (-1) elasticNetSEMcv.Rd:75-82: Lost braces in \itemize; \value handles \item{}{} directly
checkRd: (-1) elasticNetSEMcv.Rd:83-92: Lost braces in \itemize; \value handles \item{}{} directly
checkRd: (-1) elasticNetSEMcv.Rd:93: Lost braces in \itemize; \value handles \item{}{} directly
checkRd: (-1) elasticNetSEMcv.Rd:94: Lost braces in \itemize; \value handles \item{}{} directly
Flavors: r-devel-linux-x86_64-debian-clang, r-devel-linux-x86_64-debian-gcc, r-devel-linux-x86_64-fedora-clang, r-devel-linux-x86_64-fedora-gcc, r-devel-windows-x86_64, r-patched-linux-x86_64, r-release-linux-x86_64, r-release-macos-arm64, r-release-macos-x86_64, r-release-windows-x86_64