Last updated on 2024-08-16 12:49:22 CEST.
Flavor | Version | Tinstall | Tcheck | Ttotal | Status | Flags |
---|---|---|---|---|---|---|
r-devel-linux-x86_64-debian-clang | 1.2 | 12.10 | 96.88 | 108.98 | NOTE | |
r-devel-linux-x86_64-debian-gcc | 1.2 | 10.74 | 67.50 | 78.24 | NOTE | |
r-devel-linux-x86_64-fedora-clang | 1.2 | 178.18 | NOTE | |||
r-devel-linux-x86_64-fedora-gcc | 1.2 | 171.38 | NOTE | |||
r-devel-windows-x86_64 | 1.2 | 15.00 | 100.00 | 115.00 | NOTE | |
r-patched-linux-x86_64 | 1.2 | 13.74 | 89.71 | 103.45 | NOTE | |
r-release-linux-x86_64 | 1.2 | 11.55 | 89.99 | 101.54 | NOTE | |
r-release-macos-arm64 | 1.2 | 50.00 | NOTE | |||
r-release-macos-x86_64 | 1.2 | 87.00 | NOTE | |||
r-release-windows-x86_64 | 1.2 | 14.00 | 101.00 | 115.00 | NOTE | |
r-oldrel-macos-arm64 | 1.2 | 53.00 | OK | |||
r-oldrel-macos-x86_64 | 1.2 | 50.00 | OK | |||
r-oldrel-windows-x86_64 | 1.2 | 19.00 | 122.00 | 141.00 | OK |
Version: 1.2
Check: Rd files
Result: NOTE
checkRd: (-1) BiclustSet-class.Rd:19: Lost braces
19 | \item{\code{Number}:}{code{"numeric"}, number of biclusters in the set}
| ^
Flavors: r-devel-linux-x86_64-debian-clang, r-devel-linux-x86_64-debian-gcc, r-devel-linux-x86_64-fedora-clang, r-devel-linux-x86_64-fedora-gcc, r-devel-windows-x86_64, r-patched-linux-x86_64, r-release-linux-x86_64, r-release-macos-arm64, r-release-macos-x86_64, r-release-windows-x86_64