Last updated on 2024-08-16 00:48:34 CEST.
Flavor | Version | Tinstall | Tcheck | Ttotal | Status | Flags |
---|---|---|---|---|---|---|
r-devel-linux-x86_64-debian-clang | 0.8.2 | 16.01 | 64.61 | 80.62 | NOTE | |
r-devel-linux-x86_64-debian-gcc | 0.8.2 | 10.18 | 45.35 | 55.53 | NOTE | |
r-devel-linux-x86_64-fedora-clang | 0.8.2 | 128.28 | OK | |||
r-devel-linux-x86_64-fedora-gcc | 0.8.2 | 126.89 | OK | |||
r-devel-windows-x86_64 | 0.8.2 | 17.00 | 98.00 | 115.00 | NOTE | |
r-patched-linux-x86_64 | 0.8.2 | 18.94 | 59.82 | 78.76 | OK | |
r-release-linux-x86_64 | 0.8.2 | 14.95 | 60.88 | 75.83 | OK | |
r-release-macos-arm64 | 0.8.2 | 34.00 | OK | |||
r-release-macos-x86_64 | 0.8.2 | 52.00 | OK | |||
r-release-windows-x86_64 | 0.8.2 | 17.00 | 97.00 | 114.00 | OK | |
r-oldrel-macos-arm64 | 0.8.2 | 38.00 | OK | |||
r-oldrel-macos-x86_64 | 0.8.2 | 55.00 | OK | |||
r-oldrel-windows-x86_64 | 0.8.2 | 21.00 | 112.00 | 133.00 | OK |
Version: 0.8.2
Check: Rd cross-references
Result: NOTE
Found the following Rd file(s) with Rd \link{} targets missing package
anchors:
ASTBranch.Rd: R6Class
ASTFunction.Rd: R6Class
ASTMultiply.Rd: R6Class
ASTPlus.Rd: R6Class
ASTTableFormula.Rd: R6Class
ASTVariable.Rd: R6Class
Parser.Rd: R6Class
Token.Rd: R6Class
Please provide package anchors for all Rd \link{} targets not in the
package itself and the base packages.
Flavors: r-devel-linux-x86_64-debian-clang, r-devel-linux-x86_64-debian-gcc, r-devel-windows-x86_64