Last updated on 2024-08-16 12:49:23 CEST.
Flavor | Version | Tinstall | Tcheck | Ttotal | Status | Flags |
---|---|---|---|---|---|---|
r-devel-linux-x86_64-debian-clang | 1.2 | 4.19 | 29.67 | 33.86 | OK | |
r-devel-linux-x86_64-debian-gcc | 1.2 | 2.41 | 22.09 | 24.50 | OK | |
r-devel-linux-x86_64-fedora-clang | 1.2 | 54.44 | NOTE | |||
r-devel-linux-x86_64-fedora-gcc | 1.2 | 52.41 | OK | |||
r-devel-windows-x86_64 | 1.2 | 5.00 | 52.00 | 57.00 | OK | |
r-patched-linux-x86_64 | 1.2 | 3.21 | 28.06 | 31.27 | OK | |
r-release-linux-x86_64 | 1.2 | 3.01 | 28.42 | 31.43 | OK | |
r-release-macos-arm64 | 1.2 | 21.00 | OK | |||
r-release-macos-x86_64 | 1.2 | 27.00 | OK | |||
r-release-windows-x86_64 | 1.2 | 5.00 | 52.00 | 57.00 | OK | |
r-oldrel-macos-arm64 | 1.2 | 23.00 | OK | |||
r-oldrel-macos-x86_64 | 1.2 | 41.00 | OK | |||
r-oldrel-windows-x86_64 | 1.2 | 6.00 | 55.00 | 61.00 | OK |
Version: 1.2
Check: Rd cross-references
Result: NOTE
Undeclared packages ‘coin’, ‘outliers’, ‘PMCMRplus’, ‘car’ in Rd xrefs
Flavor: r-devel-linux-x86_64-fedora-clang