Last updated on 2024-08-16 00:48:36 CEST.
Flavor | Version | Tinstall | Tcheck | Ttotal | Status | Flags |
---|---|---|---|---|---|---|
r-devel-linux-x86_64-debian-clang | 0.4.0 | 7.98 | 69.38 | 77.36 | OK | |
r-devel-linux-x86_64-debian-gcc | 0.4.0 | 6.85 | 47.34 | 54.19 | OK | |
r-devel-linux-x86_64-fedora-clang | 0.4.0 | 122.71 | OK | |||
r-devel-linux-x86_64-fedora-gcc | 0.4.0 | 122.80 | OK | |||
r-devel-windows-x86_64 | 0.4.0 | 10.00 | 78.00 | 88.00 | OK | |
r-patched-linux-x86_64 | 0.4.0 | 7.49 | 63.95 | 71.44 | OK | |
r-release-linux-x86_64 | 0.4.0 | 8.29 | 64.86 | 73.15 | OK | |
r-release-macos-arm64 | 0.4.0 | 40.00 | OK | |||
r-release-macos-x86_64 | 0.4.0 | 52.00 | OK | |||
r-release-windows-x86_64 | 0.4.0 | 10.00 | 81.00 | 91.00 | OK | |
r-oldrel-macos-arm64 | 0.4.0 | 39.00 | OK | |||
r-oldrel-macos-x86_64 | 0.4.0 | 62.00 | NOTE | |||
r-oldrel-windows-x86_64 | 0.4.0 | 14.00 | 94.00 | 108.00 | OK |
Version: 0.4.0
Check: package dependencies
Result: NOTE
Package suggested but not available for checking: ‘nlmixr2’
Flavor: r-oldrel-macos-x86_64